= 54 - h. Let q(a) = -5 + 0 + 2*a + 0*a. Determine q(t).
5
Let a = 1 + 1. Let r(k) = -k**3 + a*k**3 - 15*k + 8*k - 4*k**2 + 1 + 6. Let s be 16/3 - (-3)/(-9). Give r(s).
-3
Let l(s) = 2*s + 4. Suppose -15 = -7*a + 6. Determine l(a).
10
Let b(p) = -p**3 - 19*p**2 + p + 20. Let h be b(-19). Let d(x) = -9*x - h + 7 - 3 + 7*x. What is d(4)?
-5
Let z(j) = 2*j**2 + 9*j. Let l(d) = d**2 + 4*d. Let t(k) = 5*l(k) - 3*z(k). What is t(-8)?
-8
Suppose -38*q = -41*q + 18. Let j(o) = -2*o + 13. Give j(q).
1
Let j(u) = u**3 - u**2 + 1. Let v(t) = 7*t**3 + 7. Let a(d) = 6*j(d) - v(d). Calculate a(-5).
-26
Let f(b) = b**3 + 8*b**2 + 7*b - 7. Let y be f(-7). Let a(i) = i - 1. Let o(v) = 5*v - 10. Let d(k) = 6*a(k) - o(k). Calculate d(y).
-3
Let i(r) = 95 - 294 + 99 - 2*r + 99. Let u = 7 + -5. Calculate i(u).
-5
Let f(r) = -18*r**3 + 9*r**2 - 4*r + 2. Let z(p) = -26*p**3 + 14*p**2 - 6*p + 3. Let g(n) = 8*f(n) - 5*z(n). Calculate g(1).
-13
Let l(k) = -k**3 + 20*k**2 + 3*k - 58. Let w be l(20). Let j(b) = b + 1. Give j(w).
3
Let c(w) = 6*w - 6. Suppose i = -u + 4, -10 = -2*u - 4*i - 0. Determine c(u).
12
Let x = -5 - -49. Suppose x*h = 43*h - 4. Let b(r) = -4*r**2 - 3*r - 2*r + 2*r**2 + 3. Calculate b(h).
-9
Let z(d) = 17*d**2 - 12*d + 1. Let b(m) = 27*m**2 - 18*m + 1. Let q(k) = -5*b(k) + 8*z(k). Calculate q(4).
-5
Let c(h) be the third derivative of -h**6/120 + h**5/60 + h**4/4 - h**3 + 26*h**2. Determine c(3).
-6
Let u(j) = 2*j - 15. Suppose -3*l - 2*v - 5 = 3*v, -1 = 3*l + 4*v. What is u(l)?
-5
Let k(h) = -3*h + 7 + h + h**2 + 11*h + 0 + 6. Determine k(-5).
-7
Let m(a) = a**3 - a**2 - a. Let n = 200 + -198. Let j(v) = v**3 - v. Let i be j(-1). Suppose i = 4*h - d, -n*h - 2*d = 2*d. Calculate m(h).
0
Let l be 0/(2 + 1 - 4). Let d(h) = -5 - 4*h - 1 + l + 8*h - h**2. Give d(5).
-11
Suppose -5*r - 17 - 18 = 0. Let y be (-19)/(-2) - 8/(-16). Let z(j) = -7*j + y + 0*j + 9*j. Calculate z(r).
-4
Let x(z) be the first derivative of z**4/4 - 3*z**3 + 9*z**2/2 + 7*z + 56. What is x(8)?
15
Suppose 4*o + 5 = -c, 4*c = -2*o + 2*c - 10. Suppose o*v - 5*v = 0. Let l(a) be the second derivative of a**4/12 + a**3/6 + 2*a**2 + 32*a. What is l(v)?
4
Let v(y) = y**3 - y**2 + y + 5. Suppose -14*i - 50 - 104 = 0. Let h be (-11 - i)/((-1)/1). What is v(h)?
5
Let s(g) = 13*g**2 - 3*g + 17. Let a(j) = 4*j**2 - j + 5. Let n(u) = 7*a(u) - 2*s(u). Determine n(1).
2
Let j(t) = t**3 + 5*t**2 - 3. Let l be (-50)/(-250) - 26/5. Determine j(l).
-3
Let t be (-112)/(-24)*18/(-7). Let g be t/8*1*-2. Let c(k) = 1 + 2*k + g*k - 2*k. Give c(2).
7
Let w be (2 + (-21)/9)*12/(-8). Let l(b) be the second derivative of -w*b**2 - 4*b + 0 - 1/6*b**3 - 1/20*b**5 + 5/12*b**4. Give l(5).
-6
Let v(o) = o**3 + 7*o**2 + 6*o - 2. Suppose 74*w - 79*w = -135. Suppose w = -d - 2*d + 3*m, 4*d = -3*m - 15. Give v(d).
-2
Let h(y) = -y**3 - 2*y**2 + 2*y + 1. Let p(m) be the first derivative of 1/2*m**2 + 2 + m. Let x be p(1). Give h(x).
-11
Let p(h) = -h**2 + 7*h - 5. Let y(n) = -n**2 + 9*n + 6. Let m be 6*3/2*1. Let r be y(m). Let k be p(r). Let d(j) = -2*j**3 + j**2 + j - 1. What is d(k)?
-1
Let p be 2/(-2 + 4)*0. Suppose 4*z = 3*f + 33 - 12, p = 2*z - 5*f - 21. Let v(g) = 2*g**3 + 5*g**2 - g**3 - 2*g**z - 5*g + 3. Determine v(4).
-1
Let j(s) = -8*s - 91. Let h be j(-11). Let n(m) = -m**3 - 5*m**2 + 3*m - 4. Determine n(h).
-31
Let k(t) be the first derivative of -6*t + 1/3*t**3 + 5/2*t**2 - 17. Calculate k(-6).
0
Let a(w) = -9*w - 11*w - 4*w + 35*w + 8 - 4*w. Calculate a(-4).
-20
Suppose 2*j - 7 + 17 = 0. Let a(u) = 4*u + 3. What is a(j)?
-17
Let v(t) be the second derivative of t**3/6 - 17*t**2/2 + 202*t. Calculate v(15).
-2
Let r(t) = -t**3 - 2*t**2 - 2*t + 1. Let o be (-24)/9 + (-14)/(-21). Calculate r(o).
5
Let h(g) = -2*g**3 + 1. Let b = -34 + 50. Let f = -21 - -38. Let v = b - f. Determine h(v).
3
Suppose -85 = -3*w + 53. Suppose -w - 18 = -8*b. Let j(y) = 2*y - 10. Give j(b).
6
Let n(r) = r + 39 - 49 + r**3 - r**2 - 3*r**2 + 0*r**2. Determine n(4).
-6
Suppose -6*r + 33 = 21. Let a(j) be the third derivative of 0 - 1/2*j**3 + 1/12*j**4 + 0*j - 3*j**r. Calculate a(2).
1
Let c(t) = -28*t**3 + t**2. Let l be c(-1). Let q = -33 + l. Let x(m) be the third derivative of m**5/60 + m**4/24 - m**3/3 + m**2. Calculate x(q).
10
Let t(m) be the second derivative of m**3/6 - m**2/2 - 21*m. Let y(c) = -3*c**3 - c**2 + 3*c - 3. Let h(l) = 3*t(l) - y(l). What is h(1)?
4
Let y(k) be the third derivative of -k**6/120 - 17*k**5/60 - 5*k**4/8 + 5*k**3/3 - 17*k**2. Let p be y(-16). Let o(h) = -h - 3. Determine o(p).
3
Suppose -4*b = -2 - 6. Let v be (-5)/b + 2/(-4). Let y(w) be the first derivative of -w**4/4 - 4*w**3/3 + 1259. Calculate y(v).
-9
Let u(h) be the first derivative of 1/2*h**2 - h**3 + 10 + 2*h - 1/4*h**4. Give u(2).
-16
Suppose 3*z - 3*i = -9, i - 5 = -2*z - 20. Let a(o) = -o**3 - 3*o**2 - 14. Let r be a(-4). Let x(w) = -9 + 1 + 97*w**2 - 90*w**r + w**3 + 4*w. Give x(z).
4
Suppose -9*x - x + 140 = 0. Let p be ((2 + -1)*-12)/(-1). Let u(m) = -4*m + p + 4*m - x + 2*m. Determine u(4).
6
Let o(q) = 7*q + 5. Suppose 5*w - 16 = -31. Give o(w).
-16
Let d(x) be the first derivative of -12 + 1/3*x**3 + 3*x + 3*x**2. Suppose 12 = -4*s - 12. What is d(s)?
3
Suppose -2*y - 13 - 31 = 0. Let m = -19 - y. Suppose -4*l = m*u - 7*l, 0 = -4*u + 2*l + 6. Let t(s) = s - 2. Give t(u).
1
Let r be 7/2 - (-12)/(-8). Let a(w) = 3 + 0*w + w - r*w + 0*w. Let y(s) = 2*s + 4. Let h be y(-2). Give a(h).
3
Suppose -52*w + 45*w = -91. Let t(q) = -2*q + 31. Calculate t(w).
5
Let l(k) = -3*k + 1. Let d = -815 + 816. Calculate l(d).
-2
Let r(x) be the second derivative of x**4/6 + x**3 + x**2 - 7*x - 4. Give r(-5).
22
Let v(b) = 3*b + 5. Let n be 1/((-27)/(-4) + -7). Give v(n).
-7
Let t(q) = 5*q**2 - 7*q - 8. Let k(z) = -z**2 + 2*z + 2. Let y(j) = 9*k(j) + 2*t(j). Let b(a) = 3*a + 2. Let n be b(-2). Give y(n).
2
Let p(j) be the second derivative of -3*j**5/20 - j**4/12 - j**2 + j - 14. Give p(2).
-30
Let w(y) = y**3 + 3*y**2 + 8*y + 13. Let h(s) = -s**3 - 4*s**2 - 7*s - 11. Let t(a) = 3*h(a) + 2*w(a). Give t(-6).
23
Let n(b) = 2*b**2 + 10*b - 46. Let z be n(-8). Let v(l) be the second derivative of -l**5/20 - l**4/12 - l**3/3 + l**2/2 - 2*l. What is v(z)?
-15
Let z(t) = -16*t - 20*t - 24*t - 7 + 50*t - t**2. Determine z(-6).
17
Suppose -20 = 6*r - 2*r, 0 = 3*a - 5*r - 115. Let y = -28 + a. Let l(b) = -2*b**2 + 3*b - 1. Determine l(y).
-3
Let o(a) be the third derivative of 0*a + 0 - 1/30*a**5 - 19*a**2 + 0*a**3 - 1/120*a**6 - 1/6*a**4. What is o(-3)?
21
Let m(i) be the third derivative of i**9/60480 - i**8/5040 - i**6/240 + 17*i**5/60 - i**2. Let c(g) be the third derivative of m(g). Determine c(4).
-3
Suppose 0 = -3*u + 9, -2*z = -5*z - u + 24. Let p(l) = -4*l - 9. Let j(q) = 3*q + 8. Let i(c) = z*j(c) + 6*p(c). What is i(-2)?
8
Let s(j) be the third derivative of j**6/40 - j**5/15 + j**4/8 + j**3/3 - 293*j**2. Calculate s(2).
16
Let s(x) = x**2 - 6*x - 1. Let u = -10 + 14. Suppose 1 + u = 5*f, n + 4*f = 34. Suppose -2*j + n = 3*j. Give s(j).
-1
Let u(n) = 12*n - 1. Suppose 0 = v - 2*f - 84, v + 0*v + 3*f = 64. Let o = -75 + v. Calculate u(o).
11
Let h(s) = s**2 + 31*s + 195. Let r be h(-22). Let b(d) = -d - 1. Let c(o) = 2*o + 5. Let a(m) = -3*b(m) - c(m). Give a(r).
-5
Let w(n) = -n - 1. Let u(f) be the third derivative of f**4/12 + f**3 + 43*f**2. Let c(v) = -u(v) - w(v). Give c(-5).
0
Let l(d) = 11*d + 50. Let z(h) = -7*h - 34. Let t(w) = 5*l(w) + 7*z(w). Determine t(-3).
-6
Let g(s) = -s**2 + 8*s + 4. Suppose -292*m = -288*m - 20. Suppose -2*o = -3 - m, -j - 2*o + 17 = 0. Determine g(j).
-5
Let x = 81 - 79. Let t(w) = 20*w + 1 - 2*w**x - 11*w + 0*w**3 - w**3 - 13*w. What is t(-3)?
22
Let p(b) = -b**3 + 4*b**2 + 2*b - 3. Suppose -28*n + 90 = 17*n. Give p(n).
9
Let g(d) = d**3 + 7*d**2 - 1. Suppose 0 = -3*u - f - 20, -3*f = 3*u - 5*f + 23. Give g(u).
-1
Let d be (-1)/4 - 10/(-40). Let k = d - -6. Suppose 0*w - w = -k. Let m(c) = 2*c - 3. Calculate m(w).
9
Let w(r) = -2*r**3 - 3*r**2 - 2*r + 3. Let k(h) = 3*h**3 + 5*h**2 + 2*h - 4. Let d(o) = 3*k(o) + 4*w(o). Suppose 0 = 4*g + 15 + 1. Determine d(g).
-8
Let z(o) = -72*o + 75*o + 1 - 25*o**2 + 23*o**2 + 0. Calculate z(-3).
-26
Let l(y) = -y**2 - 6*y - 7. Suppose 12*w + 125 - 53 = 0. Determine l(